- 111100110001?
-111111000110
In base 3, what is 1011122200 - -10?
1011122210
In base 8, what is 1335203 + -2?
1335201
In base 13, what is a0 - b82?
-ab2
In base 6, what is -2515 - -235?
-2240
In base 16, what is -36e - -aec?
77e
In base 9, what is -153 + -12017?
-12171
In base 7, what is 231 - -5153?
5414
In base 9, what is -11635 - -157?
-11467
In base 4, what is -3202232 + 11?
-3202221
In base 16, what is 3c9a - -a?
3ca4
In base 13, what is a00512 - 5?
a0050a
In base 6, what is 451143 + -23?
451120
In base 9, what is 151 + -1376?
-1225
In base 5, what is 20344 - -4041?
24440
In base 15, what is -1a + -a463?
-a47d
In base 15, what is -1 + -19c1?
-19c2
In base 14, what is 13a + -29?
111
In base 9, what is 3685 - 0?
3685
In base 3, what is 20111 + -122011111?
-121221000
In base 16, what is -4e - 3?
-51
In base 11, what is 26452 - -2?
26454
In base 11, what is 0 - -2a6689?
2a6689
In base 16, what is -34601 + 5?
-345fc
In base 7, what is -10 + 2505632?
2505622
In base 4, what is 12133031022 + -2?
12133031020
In base 12, what is -27b9 - 7?
-2804
In base 12, what is -2 + -b085?
-b087
In base 4, what is 10003012323 - -10?
10003012333
In base 7, what is -3 + -1623600?
-1623603
In base 5, what is -4412 - 4401?
-14313
In base 5, what is -2 + -303211?
-303213
In base 5, what is 12 + 21040?
21102
In base 8, what is -1 - 1662?
-1663
In base 16, what is 523 - b0?
473
In base 6, what is 255 - 4515?
-4220
In base 16, what is -e9f99c - 4?
-e9f9a0
In base 7, what is -4 - 20513?
-20520
In base 7, what is 124 - 5204?
-5050
In base 6, what is -13 - 215024?
-215041
In base 13, what is 5 + 15a?
162
In base 13, what is 5 + 335c8b?
335c93
In base 13, what is 1aa26 - -10?
1aa36
In base 15, what is 10328 + -2?
10326
In base 8, what is 21061 - -131?
21212
In base 13, what is 369 + -110?
259
In base 16, what is -5f - -1a?
-45
In base 5, what is 114304 - 20142?
44112
In base 13, what is 3 - 1c6b?
-1c68
In base 3, what is -120 - -1121121220?
1121121100
In base 10, what is 59569 + 72?
59641
In base 8, what is 41 + -1022?
-761
In base 10, what is 183 + -40?
143
In base 4, what is -3212320 - 13?
-3212333
In base 2, what is -1001 - 111100001011100?
-111100001100101
In base 12, what is 188 - 586?
-3ba
In base 5, what is 23 + -102424?
-102401
In base 2, what is 101001110 - -10001100?
111011010
In base 12, what is -5 - -48b0?
48a7
In base 10, what is 2030334 - 3?
2030331
In base 10, what is 199 + -2035?
-1836
In base 4, what is 10213032 + -3?
10213023
In base 13, what is 212 + -21?
1c1
In base 10, what is -47 - 886?
-933
In base 5, what is 232323 - 314?
232004
In base 13, what is 4 - 24a47?
-24a43
In base 13, what is 71 + -a2?
-31
In base 16, what is -35 - 139b?
-13d0
In base 14, what is 21 - c76?
-c55
In base 9, what is 3 + -5367?
-5364
In base 16, what is 1e - -154a1?
154bf
In base 3, what is -11 - -111220200?
111220112
In base 11, what is 11a7 + -70a?
598
In base 8, what is -721650 - -2?
-721646
In base 11, what is -2947 + -170?
-3007
In base 6, what is 154 + 10554?
11152
In base 10, what is 167 - 67?
100
In base 5, what is -2131 - -31221?
24040
In base 3, what is 21202 - 20002?
1200
In base 15, what is -2 - 2477?
-2479
In base 12, what is -5 - -5bb?
5b6
In base 8, what is 175564 - 4?
175560
In base 7, what is 355456 + -30?
355426
In base 13, what is -959 - -a?
-94c
In base 13, what is 5 - -496?
49b
In base 5, what is -40220 + -3?
-40223
In base 4, what is 1101001 + -3?
1100332
In base 7, what is -4146 - 4512?
-11661
In base 11, what is -17a86 - -3?
-17a83
In base 13, what is -1b + 23133?
23115
In base 8, what is 7 - 236074?
-236065
In base 11, what is 114a + -383?
877
In base 14, what is 1 - 4353?
-4352
In base 5, what is 1004314 - -130?
1004444
In base 7, what is -1 - 42201?
-42202
In base 8, what is 1 - 153343?
-153342
In base 8, what is -420 + -730?
-1350
In base 13, what is -1c + 914?
8c5
In base 9, what is -1 + -81407?
-81408
In base 15, what is -30719 + d?
-3070b
In base 5, what is -441310 + -21?
-441331
In base 16, what is -4 - 41488?
-4148c
In base 5, what is 1304 - -113310?
120114
In base 15, what is -2d7e9 + 0?
-2d7e9
In base 8, what is 307461 - -4?
307465
In base 11, what is a074 - -7?
a080
In base 16, what is -93b - b4?
-9ef
In base 5, what is 11341311 + -212?
11341044
In base 9, what is 0 - -32816?
32816
In base 10, what is 34 - 15635?
-15601
In base 13, what is -31c - -29?
-2c3
In base 2, what is -11110110100 + 1101111?
-11101000101
In base 12, what is -2091 - -105?
-1b88
In base 4, what is 201100113 - 10?
201100103
In base 13, what is -246 + -248?
-491
In base 11, what is -10a + -54?
-163
In base 3, what is 10 + 212122010?
212122020
In base 7, what is -21245 + -252?
-21530
In base 2, what is 1000110101 + 11111?
1001010100
In base 16, what is 0 - -43884?
43884
In base 9, what is 3 + 263610?
263613
In base 11, what is 1 + 132608?
132609
In base 4, what is 1303132 + 212?
1310010
In base 12, what is -177a - -349?
-1431
In base 11, what is -5 + 19415a?
194155
In base 3, what is 11 - -12002000?
12002011
In base 4, what is 120010 + -1030?
112320
In base 14, what is -5 - -64c5?
64c0
In base 10, what is -220 - 0?
-220
In base 6, what is 10 - 1053505?
-1053455
In base 13, what is 14ab6 + -1?
14ab5
In base 14, what is 3 + 773c?
7741
In base 12, what is -4 + -135a?
-1362
In base 10, what is -3 + -507106?
-507109
In base 13, what is -8c4c36 + 0?
-8c4c36
In base 3, what is -11010 + 112101?
101021
In base 13, what is 7 - -8b70?
8b77
In base 13, what is 2313 + -8?
2308
In base 13, what is 12538 - -19?
12554
In base 9, what is 455075 + -3?
455072
In base 12, what is -107686 + 0?
-107686
In base 14, what is 5 + -153ac2?
-153abb
In base 10, what is 2 + 62310?
62312
In base 10, what is 29 + -1240?
-1211
In base 8, what is 131545 - 2?
131543
In base 6, what is 1 + -15013300?
-15013255
In base 6, what is -15051 - -242?
-14405
In base 10, what is 2 - -516660?
516662
In base 6, what is -13 - 143201?
-143214
In base 4, what is 322122 + 21?
322203
In base 4, what is 11 + 1200313?
1200330
In base 3, what is -2212022 - 2200?
-2221222
In base 10, what is 7033 + -2?
7031
In base 15, what is 5 - 1052?
-104c
In base 14, what is -a - -a12b?
a121
In base 2, what is -11 - -1100101110?
1100101011
In base 7, what is -1306 - 21?
-1330
In base 16, what is c + -491?
-485
In base 13, what is 10 + -306b?
-305b
In base 10, what is -77386 - 13?
-77399
In base 6, what is 0 + -1204505?
-1204505
In base 7, what is 1 - 340061?
-340060
In base 7, what is -311 + -113?
-424
In base 2, what is 1110100100100001 - -100?
1110100100100101
In base 15, what is 2 + 339d?
33a0
In base 16, what is -6230 + 4?
-622c
In base 10, what is 509 - 223?
286
In base 4, what is 231 + 1323313?
1330210
In base 3, what is 100100110 + -1111?
100021222
In base 16, what is -4 + -74650?
-74654
In base 7, what is -1015002 + 0?
-1015002
In base 9, what is 23580 - -134?
23724
In base 12, what is -16a97a + -2?
-16a980
In base 9, what is -3810 - -10?
-3800
In base 2, what is -11001011100011001 - 100?
-11001011100011101
In base 13, what is 5 + 14c15?
14c1a
In base 10, what is 4 - 292656?
-292652
In base 7, what is -533440 + 1?
-533436
In base 2, what is 110100001 - 1011001010?
-100101001
In base 12, what is b + 492?
4a1
In base 5, what is 200344024 + -4?
200344020
In base 4, what is -3 - -100023013?
100023010
In base 14, what is -2b33 + 16?
-2b1b
In base 13, what is 737ba + -1?
737b9
In base 12, what is 390 + -a07?
-637
In base 7, what is 2 - -16620?
16622
In base 15, what is 21338 - 6?
21332
In base 9, what is 870 + 338?
1318
In base 5, what is 23011 + -21?
22440
In base 10, what is 3 + 792100?
792103
In base 7, what is 135244 + -3?
135241
In base 3, what is -10 + 11201221?
11201211
In base 8, what is 6 + 34357?
34365
In base 14, what is -3 - -21d1?
21cc
In base 8, what is -13 + -31622?
-31635
In base 6, what is -22301414 + 3?
-22301411
In base 15, what is -4da7 - -2?
-4da5
In base 12, what is 102a8 - 3a?
1026a
In base 16, what is ece1c - -3?
ece1f
In base 8, what is -14 + -30503?
-30517
In base 3, what is -11001 - 102122?
-120200
In base 13, what is 5 + aa61?
aa66
In base 16, what is f63 + 17?
f7a
In base 16, what is 290db + -9?
290d2
In base 8, what is -66 + -247?
-335
In base 12, what is 378 - 12b?
249
In base 3, what is -1 - -2020211